{"id":628,"date":"2021-03-03T12:05:42","date_gmt":"2021-03-03T15:05:42","guid":{"rendered":"https:\/\/www.dicas-l.com.br\/educacao\/?page_id=628"},"modified":"2023-06-21T20:33:25","modified_gmt":"2023-06-21T23:33:25","slug":"introducao-ao-shell-linux","status":"publish","type":"page","link":"https:\/\/www.dicas-l.com.br\/educacao\/introducao-ao-shell-linux\/","title":{"rendered":"[DICAS-L EDUCA\u00c7\u00c3O] Introdu\u00e7\u00e3o ao Shell Linux"},"content":{"rendered":"<p><span><img decoding=\"async\" alt=\"\" data-id=\"1774\" width=\"600\" data-init-width=\"728\" height=\"148\" data-init-height=\"180\" title=\"FAIXA_PRECO\" loading=\"lazy\" src=\"https:\/\/www.dicas-l.com.br\/educacao\/wp-content\/uploads\/2022\/04\/FAIXA_PRECO.webp\" data-width=\"600\" data-height=\"148\" ml-d=\"0\" style=\"\" mt-d=\"0\"><\/span><\/p>\n<p style=\"text-align: center;\"><strong>Para se inscrever, digite o seu nome completo e email no formul\u00e1rio abaixo:<\/strong><\/p>\n<p>              Confirmar Inscri\u00e7\u00e3o!   <\/p>\n<h2 style=\"text-align: center;\">Programa\u00e7\u00e3o Aulas ao Vivo<\/h2>\n<p style=\"text-align: left;\"><span lang=\"pt-PT\">Este curso \u00e9 o primeiro passo para todos aqueles que desejam avan\u00e7ar em suas carreiras na \u00e1rea de tecnologia da informa\u00e7\u00e3o e comunica\u00e7\u00e3o.&nbsp;<\/span><\/p>\n<p style=\"text-align: left;\"><span lang=\"pt-PT\"><strong><span lang=\"pt-PT\">O foco deste curso \u00e9 na linha de comando, que \u00e9 onde o real poder reside.<\/span><\/strong><\/span><\/p>\n<p style=\"text-align: left;\"><span lang=\"pt-PT\">Como promo\u00e7\u00e3o especial, <strong>estamos oferecendo, por tempo limitado, inscri\u00e7\u00f5es gratuitas nas primeiras turmas,<\/strong> para que voc\u00ea possa dar os primeiros passos em sistemas GNU\/Linux.<\/span><\/p>\n<h2 style=\"text-align: center;\">Depoimentos de nossos alunos<\/h2>\n<p style=\"\">Trabalho com Linux desde antes do kernel chegar \u00e0 sua vers\u00e3o 1.0 e, antes disso, j\u00e1 trabalhava com Linux. O bash shell e as express\u00f5es regulares j\u00e1 eram parte da minha vida em pequenas tarefas de automa\u00e7\u00e3o na administra\u00e7\u00e3o de sistemas. Eu achava que sabia ao menos o suficiente e que o curso oferecido pelo J\u00falio e o Rubens seria uma divertida reciclagem com esses dois feras. A parte da divers\u00e3o \u00e9 verdade. A da reciclagem n\u00e3o! Eu vi que sabia muito menos do que imaginava.<\/p>\n<p style=\"\">\n<p style=\"\">Os pulos do gato oferecidos no curso fizeram com que meu conhecimento desse um salto enorme. Eu n\u00e3o conhecia nem de longe o suficiente e o curso mostrou-me que ainda tenho muito espa\u00e7o onde continuar aprendendo.&nbsp;<\/p>\n<p style=\"\">\n<p style=\"\"><strong>O material disponibilizado virou minha refer\u00eancia quase di\u00e1ria quando preciso entender, modificar ou criar qualquer script e as express\u00f5es regulares t\u00eam me economizado um tempo enorme!<\/strong> Recomendo muito esse curso!<\/p>\n<p style=\"\"><strong>CESAR BROD, LAJEADO, RS<\/strong><strong><\/strong><strong><\/strong><\/p>\n<p style=\"\"><strong><\/strong><\/p>\n<p><span><img decoding=\"async\" alt=\"\" width=\"111\" height=\"117\" title=\"CesarBrod\" data-id=\"22\" src=\"https:\/\/www.dicas-l.com.br\/educacao\/wp-content\/uploads\/2021\/02\/CesarBrod-1.png\" data-width=\"111\" data-height=\"117\" data-init-width=\"981\" data-init-height=\"1030\" style=\"\" loading=\"lazy\"><\/span><\/p>\n<p style=\"\">\u201c<\/p>\n<p style=\"\">Quando comecei o curso n\u00e3o sabia praticamente nada de shell script, ap\u00f3s participar do curso a primeira vez, fui compreendendo como a linguagem funcionava, como o shell &#8220;pensava&#8221;. J\u00e1 depois da segunda participa\u00e7\u00e3o me sinto alfabetizado em shell script, consigo ler os scripts de outros e saber o que eles fazem, al\u00e9m de j\u00e1 conseguir escrever meus pr\u00f3prios scripts. <strong>A possibilidade de fazer o curso diversas vezes, sem pagar a mais por isso, \u00e9 fant\u00e1stica. <\/strong>O ambiente de intera\u00e7\u00e3o entre novos e velhos participantes favorece em muito o estudo e motiva o aprofundamento no curso. Acho que o fato de ter come\u00e7ado a aprender shell no ambiente feito pelo J\u00falio e pelo Rubens foi fundamental para n\u00e3o pegar maus h\u00e1bitos e para n\u00e3o perder tempo procurando informa\u00e7\u00e3o na internet. O curso \u00e9 realmente muito estruturado e se sente que h\u00e1 realmente muito saber acumulado ali, saber esse que \u00e9 transmitido de forma muito amig\u00e1vel.<\/p>\n<p style=\"\"><strong>Minha experi\u00eancia foi muito satisfat\u00f3ria, recomendo fortemente.<\/strong><\/p>\n<p style=\"\"><strong><\/strong><strong>ALLAN CALDAS, S\u00c3O CARLOS, SP<\/strong><\/p>\n<p style=\"\"><strong><\/strong><\/p>\n<p style=\"\"><strong><\/strong><\/p>\n<p><span><img decoding=\"async\" alt=\"\" width=\"111\" height=\"112\" title=\"alancaldas\" data-id=\"21\" src=\"https:\/\/www.dicas-l.com.br\/educacao\/wp-content\/uploads\/2021\/02\/alancaldas.png\" data-width=\"111\" data-height=\"112\" data-init-width=\"400\" data-init-height=\"405\" style=\"\" loading=\"lazy\"><\/span><\/p>\n<p style=\"\">\u201c<\/p>\n<p style=\"text-align: center;\"><a href=\"https:\/\/www.dicas-l.com.br\/educacao\/depoimentos\" target=\"_blank\" style=\"outline: none;\" rel=\"noopener\"><strong>Veja mais depoimentos de nossos alunos<\/strong><\/a><\/p>\n<h2 style=\"\">FAQ &#8211; Perguntas mais frequentes<\/h2>\n<h2 style=\"\">Equipe<\/h2>\n<p><span><img decoding=\"async\" alt=\"\" data-id=\"39\" width=\"175\" data-init-width=\"500\" height=\"175\" data-init-height=\"500\" title=\"Julio-Neves-Fundo-Transparente\" src=\"https:\/\/www.dicas-l.com.br\/educacao\/wp-content\/uploads\/2021\/02\/Julio-Neves-Fundo-Transparente.png\" data-width=\"175\" data-height=\"175\" style=\"\" loading=\"lazy\"><\/span><\/p>\n<h3 style=\"\">Julio Cezar Neves<\/h3>\n<p style=\"\">\n<p style=\"\">Trabalhou por 8 anos na empresa Cobra Computadores e Sistemas Brasileiros, que foi a primeira empresa brasileira a desenvolver, fabricar e comercializar computadores. Participou da equipe de desenvolvimento do SOX, que foi o 4\u00ba sistema operacional reconhecido com padr\u00e3o Unix e que \u00e9 o \u00fanico sistema, at\u00e9 hoje, desenvolvido fora dos Estados Unidos. Al\u00e9m de ter trabalhado na cria\u00e7\u00e3o de diversas ferramentas para o mercado banc\u00e1rio brasileiro que, para se adaptar a uma infla\u00e7\u00e3o de 80% ao m\u00eas, tornou-se o sistema mais \u00e1gil e eficiente e exportou a nossa tecnologia de hardware e software banc\u00e1rio para todo o mundo. Possui mais de 35 anos de experi\u00eancia em sistemas com a filosofia Unix e sua viv\u00eancia com o desenvolvimento de sistemas operacionais e muitas linguagens de programa\u00e7\u00e3o, lhe permitiu estudar a fundo o c\u00f3digo da shell Bash e descobrir recursos n\u00e3o documentados que facilitam enormemente a vida de quem programa. \u00c9 autor do bestseller <a href=\"https:\/\/amzn.to\/36K5Uym\" target=\"_blank\" style=\"outline: none;\" rel=\"noopener\"><strong>Programa\u00e7\u00e3o Shell Linux<\/strong><\/a>, atualmente na 11\u00aa edi\u00e7\u00e3o, e do livro <strong><a href=\"https:\/\/amzn.to\/3cJilhM\" target=\"_blank\" style=\"outline: none;\" rel=\"noopener\">Bombando o Shell &#8211; Caixa de Ferramentas Gr\u00e1ficas do Shell Linux.<\/a><\/strong><\/p>\n<h3 style=\"\"><span style=\"text-transform: none;\">Rubens Queiroz De Almeida<\/span><\/h3>\n<p style=\"\">\n<p style=\"\">Criador do portal Dicas-L, um dos primeiros portais no Brasil a tratar de software livre em geral. Engenheiro eletricista, trabalhou no Centro de Computa\u00e7\u00e3o da Unicamp de 1988 a 2019. Possui grande experi\u00eancia em sistemas operacionais Unix e derivados, protocolos TCP\/IP e aplicativos e tecnologias Web. Experiente instrutor e palestrante, com participa\u00e7\u00e3o em diversos simp\u00f3sios e eventos no Brasil e no exterior.<\/p>\n<p><span><img decoding=\"async\" alt=\"\" data-id=\"50\" width=\"177\" data-init-width=\"500\" height=\"177\" data-init-height=\"500\" title=\"RubensQueiroz - Fundo Transparente\" src=\"https:\/\/www.dicas-l.com.br\/educacao\/wp-content\/uploads\/2021\/02\/RubensQueiroz-Fundo-Transparente-1.png\" data-width=\"177\" data-height=\"177\" style=\"\" loading=\"lazy\"><\/span><\/p>\n<h2 style=\"\">Descri\u00e7\u00e3o<\/h2>\n<p><span data-id=\"icon-list_alt\"><\/span><\/p>\n<h4 style=\"\">DESCRI\u00c7\u00c3O<\/h4>\n<p>Se voc\u00ea est\u00e1 sentindo vontade de entrar no mundo Linux\/Unix, ou se voc\u00ea j\u00e1 est\u00e1 habituado a usar este Sistema Operacional, mas n\u00e3o se sente seguro quando precisa usar o terminal orientado a caracteres, sem interface gr\u00e1fica, esse curso \u00e9 o indicado. Esse curso tamb\u00e9m \u00e9 muito importante como uma porta de entrada de uma excelente linguagem de programa\u00e7\u00e3o: o interpretador Shell. Esperamos que a sua jornada de aprendizado seja muito proveitosa e abra o caminho para muitas conquistas em sua vida profissional. Conte sempre conosco!<\/p>\n<p><span data-id=\"icon-pen\"><\/span><\/p>\n<h4 style=\"\">MATERIAL DO CURSO<\/h4>\n<p>O material original&nbsp; deste curso foi gerado com cerca de 180 p\u00e1ginas no formato A4. Esse material foi migrado para o ambiente de ensino Moodle, onde foram agregados exerc\u00edcios e casos, sendo portanto praticamente um livro, mas com uma grande vantagem: o livro \u00e9 est\u00e1tico e s\u00f3 muda a cada nova edi\u00e7\u00e3o, quando temos de compr\u00e1-lo novamente.<\/p>\n<\/p>\n<p>O material que voc\u00ea ter\u00e1 acesso a partir de agora \u00e9 constantemente atualizado e enriquecido.<\/p>\n<p><span data-id=\"icon-wc\"><\/span><\/p>\n<h4 style=\"\">P\u00daBLICO ALVO<\/h4>\n<p style=\"\">O curso se destina a todos aqueles que t\u00eam interesse em se familiarizar com sistemas GNU\/Linux e adquirir conhecimentos que venham a constituir um diferencial em sua carreira na \u00e1rea de tecnologia da informa\u00e7\u00e3o e comunica\u00e7\u00e3o. O curso tem foco na linha de comando, que \u00e9 onde o real poder reside.&nbsp;<\/p>\n<p><span data-id=\"icon-accessibility_new\"><\/span><\/p>\n<h4 style=\"\">NOSSOS DIFERENCIAIS<\/h4>\n<p style=\"\">O curso tem o acompanhamento integral dos instrutores, sete dias por semana. As suas d\u00favidas s\u00e3o sempre respondidas rapidamente e o seu acesso \u00e9 vital\u00edcio. &nbsp;Os instrutores deste curso, Rubens Queiroz e Julio Neves, s\u00e3o autores de diversos livros e possuem ampla experi\u00eancia como instrutores.<\/p>\n<p style=\"text-align: center;\">LIVRATE &#8211; TECNOLOGIA E EDUCA\u00c7\u00c3O EM SOFTWARE LIVRE<\/p>\n<p style=\"text-align: center;\">\u00a9 Todos os direitos reservados<u><\/u><\/p>\n","protected":false},"excerpt":{"rendered":"<p>Para se inscrever, digite o seu nome completo e email no formul\u00e1rio abaixo: Confirmar Inscri\u00e7\u00e3o! Programa\u00e7\u00e3o Aulas ao Vivo Este curso \u00e9 o primeiro passo para todos aqueles que desejam avan\u00e7ar em suas carreiras na \u00e1rea de tecnologia da informa\u00e7\u00e3o e comunica\u00e7\u00e3o.&nbsp; O foco deste curso \u00e9 na linha de comando, que \u00e9 onde o [&hellip;]<\/p>\n","protected":false},"author":1,"featured_media":0,"parent":0,"menu_order":0,"comment_status":"closed","ping_status":"closed","template":"","meta":{"_joinchat":[],"footnotes":""},"class_list":["post-628","page","type-page","status-publish","hentry"],"_links":{"self":[{"href":"https:\/\/www.dicas-l.com.br\/educacao\/wp-json\/wp\/v2\/pages\/628","targetHints":{"allow":["GET"]}}],"collection":[{"href":"https:\/\/www.dicas-l.com.br\/educacao\/wp-json\/wp\/v2\/pages"}],"about":[{"href":"https:\/\/www.dicas-l.com.br\/educacao\/wp-json\/wp\/v2\/types\/page"}],"author":[{"embeddable":true,"href":"https:\/\/www.dicas-l.com.br\/educacao\/wp-json\/wp\/v2\/users\/1"}],"replies":[{"embeddable":true,"href":"https:\/\/www.dicas-l.com.br\/educacao\/wp-json\/wp\/v2\/comments?post=628"}],"version-history":[{"count":125,"href":"https:\/\/www.dicas-l.com.br\/educacao\/wp-json\/wp\/v2\/pages\/628\/revisions"}],"predecessor-version":[{"id":2466,"href":"https:\/\/www.dicas-l.com.br\/educacao\/wp-json\/wp\/v2\/pages\/628\/revisions\/2466"}],"wp:attachment":[{"href":"https:\/\/www.dicas-l.com.br\/educacao\/wp-json\/wp\/v2\/media?parent=628"}],"curies":[{"name":"wp","href":"https:\/\/api.w.org\/{rel}","templated":true}]}}