{"id":386,"date":"2021-02-15T12:16:08","date_gmt":"2021-02-15T15:16:08","guid":{"rendered":"https:\/\/www.dicas-l.com.br\/educacao\/?page_id=386"},"modified":"2022-08-21T20:43:41","modified_gmt":"2022-08-21T23:43:41","slug":"yad","status":"publish","type":"page","link":"https:\/\/www.dicas-l.com.br\/educacao\/yad\/","title":{"rendered":"[DICAS-L EDUCA\u00c7\u00c3O] YAD"},"content":{"rendered":"<h2 style=\"text-align: left;\"><strong>YAD &#8211; O Shell em Traje de Gala<\/strong><\/h2>\n<p><span><img decoding=\"async\" alt=\"\" width=\"80\" height=\"188\" title=\"moon-arrow-2\" data-id=\"5807\" src=\"\/\/www.dicas-l.com.br\/educacao\/wp-content\/uploads\/tcb_lp_templates\/templates\/css\/images\/moon-arrow-2.png\" loading=\"lazy\"><\/span><span style=\"width: 100%;\"><img decoding=\"async\" alt=\"\" width=\"310\" height=\"310\" title=\"Matrix-Tux\" data-id=\"29\" src=\"https:\/\/www.dicas-l.com.br\/educacao\/wp-content\/uploads\/2021\/02\/Matrix-Tux-1.png\" style=\"\" data-width=\"310\" data-height=\"310\" data-init-width=\"500\" data-init-height=\"500\" loading=\"lazy\" mt-d=\"0\"><\/span><\/p>\n<p style=\"text-align: right;\">O <strong>YAD<\/strong> &#8211; que significa <em><strong>Yet Another Dialog<\/strong><\/em> &#8211; foi criado por um ucraniano chamado Victor Ananjevsky (aka Ananas) que fez um fork do projeto do Zenity e incrementou in\u00fameras facilidades que o Zenity n\u00e3o contemplava (com muitos di\u00e1logos a mais, diversas facilidades para customiza\u00e7\u00e3o e cria\u00e7\u00e3o de formul\u00e1rios e bot\u00f5es por exemplo). Por isso, \u00e9 frequente v\u00ea-lo na internet sendo tratado como<em><strong> Zenity on Steroids.<\/strong><\/em><\/p>\n<h2 style=\"text-align: center;\">Depoimentos de nossos alunos<\/h2>\n<p style=\"text-align: center;\"><a href=\"https:\/\/www.dicas-l.com.br\/educacao\/depoimentos\" target=\"_blank\" style=\"outline: none;\" rel=\"noopener\"><strong>Veja mais depoimentos de nossos alunos<\/strong><\/a><\/p>\n<h2 style=\"\">Descri\u00e7\u00e3o<\/h2>\n<p><span data-id=\"icon-list_alt\"><\/span><\/p>\n<h4 style=\"\">DESCRI\u00c7\u00c3O<\/h4>\n<p style=\"\">O YAD se baseia na lib GTK (<em><strong>Gnome Tools Kit<\/strong><\/em>) para gerar di\u00e1logos gr\u00e1ficos que interagem com o Shell na entrada e na sa\u00edda de dados, de forma a que o usu\u00e1rio possa trabalhar com o sistema, &#8220;conversando&#8221; com ele no modo que est\u00e1 habituado, isto \u00e9, usando mouse em uma interface gr\u00e1fica (<em><strong>GUI &#8211; Graphical User Interface<\/strong><\/em>). Se encaixa filosoficamente com Shell como uma luva, pois \u00e9 tamb\u00e9m muito conciso, desenhando formul\u00e1rios detalhados de forma muito simples, uma vez que cada di\u00e1logo \u00e9 escrito em uma \u00fanica linha.<\/p>\n<p><span data-id=\"icon-pen\"><\/span><\/p>\n<h4 style=\"\">MATERIAL DO CURSO<\/h4>\n<p><strong>O curso contempla todos os di\u00e1logos (s\u00e3o 19) com todas as suas op\u00e7\u00f5es (cerca de 260). <\/strong>Nenhuma das op\u00e7\u00f5es de todos os di\u00e1logos foi esquecida. Est\u00e3o todos explicados e com pelo menos um exemplo de uso, o que \u00e9 o resultado de um esfor\u00e7o de cria\u00e7\u00e3o muito grande para encontrarmos casos de uso para cada um deles, de forma a termos exemplos coerentes e consistentes. O material deste curso \u00e9 \u00fanico na l\u00edngua portuguesa e n\u00e3o conhecemos conte\u00fado equivalente em outros idiomas.<\/p>\n<p><span data-id=\"icon-wc\"><\/span><\/p>\n<h4 style=\"\">P\u00daBLICO ALVO<\/h4>\n<p>O curso foi criado para atender a qualquer pessoa que tenha a motiva\u00e7\u00e3o para aprender a programar em qualquer linguagem usando o YAD, como todos que pleiteiam alcan\u00e7ar uma certifica\u00e7\u00e3o, administradores em geral, bem como os DevOps, SysOps e *Ops.Se voc\u00ea j\u00e1 usa bem o Shell e quer ficar PhD no assunto, o YAD \u00e9 imperd\u00edvel, pois abre portas imensas para aplicar o Shell em trilhas onde voc\u00ea sequer pensava e, nunca se esque\u00e7a, dando-lhes um excelente acabamento gr\u00e1fico.<\/p>\n<p><span data-id=\"icon-accessibility_new\"><\/span><\/p>\n<h4 style=\"\">NOSSOS DIFERENCIAIS<\/h4>\n<p style=\"\">Os autores do curso s\u00e3o pessoas reconhecidas pelo not\u00f3rio saber no assunto, pela contribui\u00e7\u00e3o desinteressada que d\u00e3o aos meios de Software Livre, por serem professores dedicados (veja as avalia\u00e7\u00f5es nos nossos cursos mais antigos), pela seriedade e por serem autores de alguns livros muito bem sucedidos<\/p>\n<p><span data-id=\"icon-beenhere\"><\/span><\/p>\n<h4 style=\"\">PR\u00c9-REQUISITOS<\/h4>\n<p>\u00c9 recomend\u00e1vel que o aluno possua bons conhecimentos de programa\u00e7\u00e3o Shell Linux.,<\/p>\n<p style=\"text-align: center; letter-spacing: 1px;\">garantia<\/p>\n<p style=\"\"><span style=\"font-weight: normal;\">7 DIAS<\/span><\/p>\n<p style=\"\"><strong>INCONDICIONAL<\/strong><\/p>\n<h2 style=\"\">O seu investimento \u00e9 100% garantido!<\/h2>\n<p>Se por qualquer raz\u00e3o, voc\u00ea quiser desistir do curso, <strong>voc\u00ea tem sete dias a partir da sua matr\u00edcula, para solicitar o reembolso integral de todos os valores pagos.&nbsp;<\/strong>N\u00e3o lhe faremos nenhuma pergunta ou tentaremos lhe convencer a n\u00e3o desistir, <strong>o reembolso \u00e9 feito imediatamente.<\/strong><\/p>\n<\/p>\n<p style=\"\"><strong>N\u00e3o existe risco algum, voc\u00ea s\u00f3 paga se achar que o curso vale o investimento.<\/strong><\/p>\n<h2 style=\"\">FAQ &#8211; Perguntas mais frequentes<\/h2>\n<h2 style=\"\">Equipe<\/h2>\n<p><span><img decoding=\"async\" alt=\"\" data-id=\"39\" width=\"175\" data-init-width=\"500\" height=\"175\" data-init-height=\"500\" title=\"Julio-Neves-Fundo-Transparente\" src=\"https:\/\/www.dicas-l.com.br\/educacao\/wp-content\/uploads\/2021\/02\/Julio-Neves-Fundo-Transparente.png\" data-width=\"175\" data-height=\"175\" style=\"\" loading=\"lazy\"><\/span><\/p>\n<h3 style=\"\">Julio Cezar Neves<\/h3>\n<p style=\"\">\n<p style=\"\">Trabalhou por 8 anos na empresa Cobra Computadores e Sistemas Brasileiros, que foi a primeira empresa brasileira a desenvolver, fabricar e comercializar computadores. Participou da equipe de desenvolvimento do SOX, que foi o 4\u00ba sistema operacional reconhecido com padr\u00e3o Unix e que \u00e9 o \u00fanico sistema, at\u00e9 hoje, desenvolvido fora dos Estados Unidos. Al\u00e9m de ter trabalhado na cria\u00e7\u00e3o de diversas ferramentas para o mercado banc\u00e1rio brasileiro que, para se adaptar a uma infla\u00e7\u00e3o de 80% ao m\u00eas, tornou-se o sistema mais \u00e1gil e eficiente e exportou a nossa tecnologia de hardware e software banc\u00e1rio para todo o mundo. Possui mais de 35 anos de experi\u00eancia em sistemas com a filosofia Unix e sua viv\u00eancia com o desenvolvimento de sistemas operacionais e muitas linguagens de programa\u00e7\u00e3o, lhe permitiu estudar a fundo o c\u00f3digo da shell Bash e descobrir recursos n\u00e3o documentados que facilitam enormemente a vida de quem programa. \u00c9 autor do bestseller <a href=\"https:\/\/amzn.to\/36K5Uym\" target=\"_blank\" rel=\"noopener\"><strong>Programa\u00e7\u00e3o Shell Linux<\/strong><\/a>, atualmente na 11\u00aa edi\u00e7\u00e3o, e do livro <strong><a href=\"https:\/\/amzn.to\/3cJilhM\" target=\"_blank\" style=\"outline: none;\" rel=\"noopener\">Bombando o Shell &#8211; Caixa de Ferramentas Gr\u00e1ficas do Shell Linux.<\/a><\/strong><\/p>\n<h3 style=\"\"><span style=\"text-transform: none;\">Rubens Queiroz de Almeida<\/span><\/h3>\n<p style=\"\">\n<p style=\"\">Criador do portal Dicas-L, um dos primeiros portais no Brasil a tratar de software livre em geral. Engenheiro eletricista, trabalhou no Centro de Computa\u00e7\u00e3o da Unicamp de 1988 a 2019. Possui grande experi\u00eancia em sistemas operacionais Unix e derivados, protocolos TCP\/IP e aplicativos e tecnologias Web. Experiente instrutor e palestrante, com participa\u00e7\u00e3o em diversos simp\u00f3sios e eventos no Brasil e no exterior.<\/p>\n<p><span><img decoding=\"async\" alt=\"\" data-id=\"50\" width=\"177\" data-init-width=\"500\" height=\"177\" data-init-height=\"500\" title=\"RubensQueiroz - Fundo Transparente\" src=\"https:\/\/www.dicas-l.com.br\/educacao\/wp-content\/uploads\/2021\/02\/RubensQueiroz-Fundo-Transparente-1.png\" data-width=\"177\" data-height=\"177\" style=\"\" loading=\"lazy\"><\/span><\/p>\n<h2 style=\"\">Fale Conosco<\/h2>\n<p style=\"text-align: center;\">Voc\u00ea tamb\u00e9m pode entrar em conosco pelo email educacao@Dicas-L.com.br ou pelo <a href=\"https:\/\/api.whatsapp.com\/send?1=pt_BR&amp;phone=5519997575191\" style=\"outline: none;\" target=\"_blank\" rel=\"noopener\">WhatsApp (+55 19 997 575 191)<\/a> que teremos o maior prazer em atend\u00ea-lo.<\/p>\n<p style=\"text-align: center;\">LIVRATE &#8211; TECNOLOGIA E EDUCA\u00c7\u00c3O EM SOFTWARE LIVRE<\/p>\n<p style=\"text-align: center;\">\u00a9 Todos os direitos reservados<u><\/u><\/p>\n","protected":false},"excerpt":{"rendered":"<p>YAD &#8211; O Shell em Traje de Gala O YAD &#8211; que significa Yet Another Dialog &#8211; foi criado por um ucraniano chamado Victor Ananjevsky (aka Ananas) que fez um fork do projeto do Zenity e incrementou in\u00fameras facilidades que o Zenity n\u00e3o contemplava (com muitos di\u00e1logos a mais, diversas facilidades para customiza\u00e7\u00e3o e cria\u00e7\u00e3o [&hellip;]<\/p>\n","protected":false},"author":1,"featured_media":0,"parent":0,"menu_order":0,"comment_status":"closed","ping_status":"closed","template":"","meta":{"_joinchat":[],"footnotes":""},"class_list":["post-386","page","type-page","status-publish","hentry"],"_links":{"self":[{"href":"https:\/\/www.dicas-l.com.br\/educacao\/wp-json\/wp\/v2\/pages\/386","targetHints":{"allow":["GET"]}}],"collection":[{"href":"https:\/\/www.dicas-l.com.br\/educacao\/wp-json\/wp\/v2\/pages"}],"about":[{"href":"https:\/\/www.dicas-l.com.br\/educacao\/wp-json\/wp\/v2\/types\/page"}],"author":[{"embeddable":true,"href":"https:\/\/www.dicas-l.com.br\/educacao\/wp-json\/wp\/v2\/users\/1"}],"replies":[{"embeddable":true,"href":"https:\/\/www.dicas-l.com.br\/educacao\/wp-json\/wp\/v2\/comments?post=386"}],"version-history":[{"count":31,"href":"https:\/\/www.dicas-l.com.br\/educacao\/wp-json\/wp\/v2\/pages\/386\/revisions"}],"predecessor-version":[{"id":1925,"href":"https:\/\/www.dicas-l.com.br\/educacao\/wp-json\/wp\/v2\/pages\/386\/revisions\/1925"}],"wp:attachment":[{"href":"https:\/\/www.dicas-l.com.br\/educacao\/wp-json\/wp\/v2\/media?parent=386"}],"curies":[{"name":"wp","href":"https:\/\/api.w.org\/{rel}","templated":true}]}}