{"id":1996,"date":"2022-09-26T21:11:42","date_gmt":"2022-09-27T00:11:42","guid":{"rendered":"https:\/\/www.dicas-l.com.br\/educacao\/?page_id=1996"},"modified":"2026-04-18T09:15:51","modified_gmt":"2026-04-18T12:15:51","slug":"programacao-shell-linux","status":"publish","type":"page","link":"https:\/\/www.dicas-l.com.br\/educacao\/programacao-shell-linux\/","title":{"rendered":"[PROGRAMACAO SHELL LINUX] INSCRICOES ENCERRADAS"},"content":{"rendered":"<p><span><img decoding=\"async\" alt=\"\" width=\"137\" height=\"322\" title=\"moon-arrow-2\" data-id=\"5807\" src=\"\/\/www.dicas-l.com.br\/educacao\/wp-content\/uploads\/tcb_lp_templates\/templates\/css\/images\/moon-arrow-2.png\" loading=\"lazy\" data-width=\"137\" data-height=\"322\" data-init-width=\"80\" data-init-height=\"188\" style=\"aspect-ratio: auto 80 \/ 188;\"><\/span><span style=\"width: 100%;\"><img decoding=\"async\" alt=\"\" width=\"519\" height=\"519\" title=\"JULIO_NEVES+LIVROS\" data-id=\"1454\" src=\"https:\/\/www.dicas-l.com.br\/educacao\/wp-content\/uploads\/2021\/11\/JULIO_NEVESLIVROS.png\" style=\"aspect-ratio: auto 500 \/ 500;\" data-width=\"519\" data-height=\"519\" data-init-width=\"500\" data-init-height=\"500\" loading=\"lazy\"><\/span><\/p>\n<h2 style=\"text-align: center;\"><img decoding=\"async\" role=\"img\" alt=\"\ud83d\ude80\" src=\"https:\/\/s.w.org\/images\/core\/emoji\/17.0.2\/svg\/1f680.svg\"><strong><span style=\"--tcb-applied-color: rgb(0, 0, 0) !important; color: rgb(0, 0, 0) !important;\">Acelere sua carreira em TI: <\/span><\/strong><\/h2>\n<h2 style=\"text-align: center;\"><strong><span style=\"--tcb-applied-color: rgb(0, 0, 0) !important; color: rgb(0, 0, 0) !important;\">Domine a Programa\u00e7\u00e3o Shell Linux em 5 semanas e abra as portas para oportunidades incr\u00edveis!<\/span><\/strong><\/h2>\n<h2 style=\"text-align: center;\">INSCRI\u00c7\u00d5ES ENCERRADAS<\/h2>\n<h5 style=\"text-align: center;\"><strong><a href=\"https:\/\/www.dicas-l.com.br\/educacao\/lista-de-espera\" rel=\"nofollow\" style=\"outline: none;\" target=\"_blank\">Clique aqui<\/a> para deixar seu nome em nossa lista de espera<\/strong><\/h5>\n<p style=\"text-align: left;\">Eu sou o Prof. Julio Neves, CEO da <strong>Livra-TE &#8211; Tecnologia &amp; Ensino em Software Livre<\/strong> &#8211; e sou apaixonado pelo Shell. Trabalho com sistemas Unix e derivados desde o final dos anos 70, quando trabalhava na Cobra (<b>CO<\/b>mputadores&nbsp;<b>BRA<\/b>sileiros), onde foi desenvolvido o <strong>SOX<\/strong>, o <strong>4\u00ba sistema operacional UNIX do mundo<\/strong> (antes de HP-UX, AIX e todos os outros) e, at\u00e9 hoje, o \u00fanico <strong>UNIX<\/strong> totalmente produzido fora dos EUA.<\/p>\n<p style=\"text-align: left;\">&nbsp;<\/p>\n<p style=\"text-align: left;\">Tenho muito orgulho de ter participado da equipe de desenvolvimento do <strong>SOX<\/strong> e neste trabalho pude conhecer a fundo o funcionamento de sistemas operacionais Unix. Mas a minha paix\u00e3o \u00e9 mesmo pela programa\u00e7\u00e3o Shell Linux e ensinar. Por mais de 20 anos viajei por todo o Brasil e mais alguns pa\u00edses ensinando a programa\u00e7\u00e3o Shell Linux a milhares de pessoas. Desde 2017 passei a oferecer este mesmo curso online, com uma programa\u00e7\u00e3o de 5 semanas.&nbsp;<\/p>\n<p style=\"text-align: left;\">\n<p style=\"text-align: left;\">Mas o que torna este curso t\u00e3o especial? Antes de mais nada a dedica\u00e7\u00e3o e suporte integral que eu e meu parceiro Rubens Queiroz dedicamos aos treinandos. A minha experi\u00eancia em sistemas operacionais, me permitiu analisar a fundo o c\u00f3digo fonte do Bash e descobrir macetes mal ou pouco divulgados que aceleram absurdamente o tempo de execu\u00e7\u00e3o dos scripts e simplificam a sua codifica\u00e7\u00e3o.<\/p>\n<p style=\"text-align: left;\">&nbsp;<\/p>\n<p style=\"text-align: left;\"><strong><span style=\"--tcb-applied-color: rgb(242, 10, 10)  !important; color: rgb(242, 10, 10);\">\u00c9 isso, e muito mais, que eu te mostro em nosso curso.<\/span><\/strong><\/p>\n<p style=\"text-align: justify;\">\n<p style=\"text-align: justify;\">Al\u00e9m do meu trabalho como professor, publiquei tamb\u00e9m os livros&nbsp;<\/p>\n<p style=\"text-align: left;\"><strong><a href=\"https:\/\/amzn.to\/36K5Uym\" target=\"_blank\" style=\"outline: none;\">Programa\u00e7\u00e3o Shell Linux<\/a><\/strong>, atualmente na 13\u00aa edi\u00e7\u00e3o, e o livro <strong><a href=\"https:\/\/amzn.to\/3cJilhM\" target=\"_blank\" style=\"outline: none;\">Bombando o Shell &#8211; Caixa de Ferramentas Gr\u00e1ficas do Shell Linux<\/a>.<\/strong><\/p>\n<p style=\"text-align: left;\">\n<p style=\"text-align: left;\"><a href=\"https:\/\/www.dicas-l.com.br\/download\/EmentaShell.pdf\" target=\"_blank\"><strong>Clique aqui<\/strong><\/a><strong> para consultar a ementa completa do curso Programa\u00e7\u00e3o Shell Linux e, por favor, compare com outras ementas. Viu!? Nenhuma \u00e9 t\u00e3o completa e abrangente.<\/strong><\/p>\n<p style=\"text-align: left;\"><strong><span style=\"--tcb-applied-color: rgb(246, 5, 5)  !important; color: rgb(246, 5, 5);\"><\/span><\/strong><\/p>\n<p style=\"text-align: left;\"><strong>Se quiser que eu te avise quando abrirmos as inscri\u00e7\u00f5es, &nbsp;<a href=\"https:\/\/www.dicas-l.com.br\/educacao\/lista-de-espera\/\" style=\"outline: none;\" target=\"_blank\">clique aqui<\/a> para ativar um lembrete!<\/strong><\/p>\n<h2 style=\"text-align: center;\"><strong>Curso Programa\u00e7\u00e3o Shell Linux<\/strong><\/h2>\n<p><span><img decoding=\"async\" alt=\"\" width=\"56\" height=\"132\" title=\"moon-arrow-2\" data-id=\"5807\" src=\"\/\/www.dicas-l.com.br\/educacao\/wp-content\/uploads\/tcb_lp_templates\/templates\/css\/images\/moon-arrow-2.png\" loading=\"lazy\" data-width=\"56\" data-height=\"132\" data-init-width=\"80\" data-init-height=\"188\" style=\"aspect-ratio: auto 80 \/ 188;\"><\/span><span style=\"width: 100%;\"><img decoding=\"async\" alt=\"\" width=\"223\" height=\"223\" title=\"Matrix-Tux\" data-id=\"29\" src=\"https:\/\/www.dicas-l.com.br\/educacao\/wp-content\/uploads\/2021\/02\/Matrix-Tux-1.png\" style=\"aspect-ratio: auto 500 \/ 500;\" data-width=\"223\" data-height=\"223\" data-init-width=\"500\" data-init-height=\"500\" loading=\"lazy\"><\/span><\/p>\n<p style=\"text-align: center;\"><strong>Eleve Sua Carreira: Torne-se um Especialista em Shell Linux e Conquiste o Futuro que Voc\u00ea Merece!<\/strong><\/p>\n<h2 style=\"\">Descri\u00e7\u00e3o<\/h2>\n<p><span data-id=\"icon-list_alt\"><\/span><\/p>\n<h4 style=\"\">DESCRI\u00c7\u00c3O<\/h4>\n<p style=\"\">Ap\u00f3s uma imers\u00e3o total em express\u00f5es regulares, o curso come\u00e7ar\u00e1 descrevendo a sequencia de opera\u00e7\u00f5es que o shell executa em cada linha de comandos, para que voc\u00ea possa entender seu mecanismo de funcionamento (o que \u00e9 o mais importante para a compreens\u00e3o de um interpretador).Em seguida entenderemos cada um dos caracteres especiais (&#8220;, , &#8216;, *, ?, [&#8230;], &gt;, &gt;&gt;, &lt;, &lt;&lt;, &lt;&lt;&lt;, ;, (&#8230;), {&#8230;}) e seus usos e s\u00f3 ent\u00e3o passaremos a estudar os comandos genericamente definidos por tratamento de cadeias, entrada\/sa\u00edda de dados, la\u00e7os (loops), condicionais e muitos outros.<\/p>\n<p style=\"\">\n<p style=\"\"><strong><a href=\"https:\/\/www.dicas-l.com.br\/download\/EmentaShell.pdf\" target=\"_blank\" style=\"outline: none;\">Clique aqui<\/a><\/strong> para fazer o download da ementa detalhada do curso Programa\u00e7\u00e3o Shell Linux.<\/p>\n<p><span data-id=\"icon-pen\"><\/span><\/p>\n<h4 style=\"\">MATERIAL DO CURSO<\/h4>\n<p style=\"\">O conte\u00fado do curso equivale a cerca de 350 p\u00e1ginas no formato A4 que ser\u00e3o sua fonte de consulta de forma vital\u00edcia. Al\u00e9m do material detalhado o curso oferece tamb\u00e9m diversos v\u00eddeos explicativos sobre os assuntos mais complexos. O curso tem dura\u00e7\u00e3o de cinco semanas e a cada semana \u00e9 ministrada uma aula ao vivo para explica\u00e7\u00e3o de conceitos e esclarecimento de d\u00favidas. A cada semana \u00e9 submetido um desafio de programa\u00e7\u00e3o, que \u00e9 analisado detalhadamente e comentado individualmente pelo Prof. Julio Neves. &nbsp;<\/p>\n<p style=\"\">Atendendo a sugest\u00f5es de nossa comunidade, inclu\u00edmos no curso um material suplementar sobre o comando AWK.<\/p>\n<p style=\"\">\n<p style=\"\"><a href=\"https:\/\/www.dicas-l.com.br\/download\/EmentaAwk.pdf\" target=\"_blank\">Clique aqui<\/a> para baixar a ementa deste conte\u00fado.<\/p>\n<p><span data-id=\"icon-wc\"><\/span><\/p>\n<h4 style=\"\">P\u00daBLICO ALVO<\/h4>\n<p style=\"\">O curso cobre desde o muito b\u00e1sico, como declara\u00e7\u00e3o de vari\u00e1veis, e terminamos falando em named pipes e paralelismo de processos &#8211; o que \u00e9 super avan\u00e7ado.<\/p>\n<p style=\"\">O curso foi criado para atender a qualquer pessoa que tenha a motiva\u00e7\u00e3o para aprender a programar em Shell Linux, como todos que pleiteiam alcan\u00e7ar uma certifica\u00e7\u00e3o, administradores em geral, bem como os DevOps, SysOps e *Ops.<\/p>\n<p><span data-id=\"icon-accessibility_new\"><\/span><\/p>\n<h4 style=\"\">NOSSOS DIFERENCIAIS<\/h4>\n<p style=\"\">O curso tem o acompanhamento integral dos instrutores, sete dias por semana. As suas d\u00favidas s\u00e3o sempre respondidas no mesmo dia e voc\u00ea poder\u00e1 refazer o curso gratuitamente quantas vezes quiser, at\u00e9 se senti seguro e totalmente proficiente na linguagem.<\/p>\n<p style=\"\">Al\u00e9m disto, nosso curso tem garantia integral, voc\u00ea tem 15 dias para avaliar o curso e se quiser desistir, n\u00f3s lhe devolvemos o valor pago integralmente, sem fazer nenhum questionamento.<\/p>\n<p><span data-id=\"icon-settings1\"><\/span><\/p>\n<h4 style=\"\">EXPRESS\u00d5ES REGULARES<\/h4>\n<p style=\"\">Conhecer bem express\u00f5es regulares \u00e9 fundamental para fazer programas eficientes, poderosos e otimizados. Por isso, no in\u00edcio do treinamento, o aluno ter\u00e1 como brinde um curso completo sobre o assunto. Ao fim deste curso, aqueles que j\u00e1 programam em outras linguagens j\u00e1 estar\u00e3o nos agradecendo pelo up que as Express\u00f5es Regulares deram em seu n\u00edvel de programa\u00e7\u00e3o em seja l\u00e1 qual for a linguagem.&nbsp;<strong>Express\u00f5es Regulares<\/strong>&nbsp;s\u00e3o fundamentais para qualquer profissional de TI e s\u00e3o imprescind\u00edveis para o Shell.&nbsp;<strong>Um profissional que n\u00e3o as conhece n\u00e3o pode se considerar um programador pleno.<\/strong><\/p>\n<p><span data-id=\"icon-display\"><\/span><\/p>\n<h4 style=\"\">COMANDOS EM GERAL<\/h4>\n<p>O curso tem o acompanhamento integral dos instrutores, sete dias por semana.As suas d\u00favidas s\u00e3o sempre respondidas no mesmo dia e voc\u00ea poder\u00e1 refazer o curso gratuitamente quantas vezes quiser, at\u00e9 se senti seguro e totalmente proficiente na linguagem.<\/p>\n<p>Al\u00e9m disto, nosso curso tem garantia integral, voc\u00ea tem 15 dias para avaliar o curso e se quiser desistir, n\u00f3s lhe devolvemos o valor pago integralmente, sem fazer nenhum questionamento.<\/p>\n<p><span data-id=\"icon-call_made\"><\/span><\/p>\n<h4 style=\"\">VETORES<\/h4>\n<p style=\"\">O curso aborda em profundidade o uso de vetores densos, esparsos e associativos (quando a indexa\u00e7\u00e3o n\u00e3o \u00e9 por inteiros).<\/p>\n<p style=\"\">O vetor associativo \u00e9 um assunto novo no Bash, que cobrimos no curso.<\/p>\n<p><span data-id=\"icon-360\"><\/span><\/p>\n<h4 style=\"\">ESTRUTURAS DE LA\u00c7O<\/h4>\n<p style=\"\">Todas as estruturas de la\u00e7o (loop), como while, until e for e de decis\u00e3o como if, test, &amp;&amp;, ||, [&#8230;] , [[&#8230;]] e case ser\u00e3o abordadas no curso.<\/p>\n<p style=\"\"><strong>Aprenda TODOS os pulos do gato!<\/strong><\/p>\n<p><span><img decoding=\"async\" alt=\"15 DIAS DE GARANTIA INCONDICIONAL\" data-id=\"243\" width=\"250\" data-init-width=\"250\" height=\"250\" data-init-height=\"250\" title=\"garantia-15-dias-incondicional\" src=\"https:\/\/www.dicas-l.com.br\/educacao\/wp-content\/uploads\/2021\/02\/garantia-15-dias-incondicional.png\" data-width=\"250\" data-height=\"250\" loading=\"lazy\" style=\"aspect-ratio: auto 250 \/ 250;\"><\/span><\/p>\n<h3 style=\"\">O seu investimento \u00e9 100% garantido!<\/h3>\n<p style=\"\"><strong>Se por qualquer raz\u00e3o, voc\u00ea quiser desistir do curso, <span style=\"color: rgb(241, 14, 14);\">voc\u00ea tem quinze dias a partir da sua matr\u00edcula, para solicitar o reembolso integral de todos os valores pagos<\/span>. N\u00e3o lhe faremos nenhuma pergunta ou tentaremos lhe conve<\/strong><strong style=\"background-color: rgba(0, 0, 0, 0); color: var(--tve-color,rgb(61,61,61));\">ncer a n\u00e3o desistir, o reembolso \u00e9 feito imediatamente.<\/strong><\/p>\n<h2 style=\"text-align: center;\">Depoimentos de nossos alunos<\/h2>\n<p style=\"text-align: center;\"><a href=\"https:\/\/www.dicas-l.com.br\/educacao\/depoimentos\" target=\"_blank\" style=\"outline: none;\"><strong>Veja mais depoimentos de nossos alunos<\/strong><\/a><\/p>\n<h2 style=\"\">FAQ &#8211; Perguntas mais frequentes<\/h2>\n<h2 style=\"\">Fale Conosco<\/h2>\n<p style=\"text-align: center;\"><strong><span style=\"font-size: 14px;\">Voc\u00ea tamb\u00e9m pode entrar em conosco pelo email <\/span><a href=\"mailto:educacao@Dicas-L.com.br\" target=\"_blank\" style=\"outline: none;\"><span style=\"font-size: 14px;\">educacao@Dicas-L.com.br<\/span><\/a><span style=\"font-size: 14px;\"> ou pelo WhatsApp <a href=\"https:\/\/api.whatsapp.com\/send?1=pt_BR&amp;phone=5519997575191\" target=\"_blank\" style=\"outline: none;\">WhatsApp (+55 19 997 575 191)<\/a>&nbsp;que teremos o maior prazer em atend\u00ea-lo.<\/span><\/strong><\/p>\n<p style=\"text-align: center;\">\n<p style=\"text-align: center;\">LIVRATE &#8211; TECNOLOGIA E EDUCA\u00c7\u00c3O EM SOFTWARE LIVRE<\/p>\n<p style=\"text-align: center;\">\u00a9 Todos os direitos reservados<u><\/u><\/p>\n","protected":false},"excerpt":{"rendered":"<p>Acelere sua carreira em TI: Domine a Programa\u00e7\u00e3o Shell Linux em 5 semanas e abra as portas para oportunidades incr\u00edveis! INSCRI\u00c7\u00d5ES ENCERRADAS Clique aqui para deixar seu nome em nossa lista de espera Eu sou o Prof. Julio Neves, CEO da Livra-TE &#8211; Tecnologia &amp; Ensino em Software Livre &#8211; e sou apaixonado pelo Shell. [&hellip;]<\/p>\n","protected":false},"author":1,"featured_media":0,"parent":0,"menu_order":0,"comment_status":"closed","ping_status":"closed","template":"","meta":{"_joinchat":[],"footnotes":""},"class_list":["post-1996","page","type-page","status-publish","hentry"],"_links":{"self":[{"href":"https:\/\/www.dicas-l.com.br\/educacao\/wp-json\/wp\/v2\/pages\/1996","targetHints":{"allow":["GET"]}}],"collection":[{"href":"https:\/\/www.dicas-l.com.br\/educacao\/wp-json\/wp\/v2\/pages"}],"about":[{"href":"https:\/\/www.dicas-l.com.br\/educacao\/wp-json\/wp\/v2\/types\/page"}],"author":[{"embeddable":true,"href":"https:\/\/www.dicas-l.com.br\/educacao\/wp-json\/wp\/v2\/users\/1"}],"replies":[{"embeddable":true,"href":"https:\/\/www.dicas-l.com.br\/educacao\/wp-json\/wp\/v2\/comments?post=1996"}],"version-history":[{"count":120,"href":"https:\/\/www.dicas-l.com.br\/educacao\/wp-json\/wp\/v2\/pages\/1996\/revisions"}],"predecessor-version":[{"id":3261,"href":"https:\/\/www.dicas-l.com.br\/educacao\/wp-json\/wp\/v2\/pages\/1996\/revisions\/3261"}],"wp:attachment":[{"href":"https:\/\/www.dicas-l.com.br\/educacao\/wp-json\/wp\/v2\/media?parent=1996"}],"curies":[{"name":"wp","href":"https:\/\/api.w.org\/{rel}","templated":true}]}}